c = -479 + 220. List the prime factors of 44/16 - 1/(-4) - c.
2, 131
Let d(u) = -u**2 - 11*u - 16. Suppose 2*f - 6 = 2*w - 20, 0 = -2*f + w - 17. Let p be d(f). What are the prime factors of 2*((-2625)/p)/5?
5, 7
Let r be -3 + 0 + (2434 - (3 + -1)). Suppose -4*z - 4*d = -5192, 5*z + d = 4073 + r. Suppose 16*h = z - 149. What are the prime factors of h?
2, 3
List the prime factors of (308232/288)/(-1 + (-47)/(-44)).
11, 1427
Let a(f) = -8 - 13*f**2 + 4 - 10 - 17*f + 0 + f**3. Let m be 1 + ((-25 - 1)/(-2) - -1). List the prime factors of a(m).
181
Suppose 0 = i + 42 + 9. Let q = i + 96. Suppose q = -5*a + 190. List the prime factors of a.
29
Let t = 73 + 315. Let q = 838 - t. What are the prime factors of q?
2, 3, 5
List the prime factors of (44 - 6569)*(3 + (-29)/5).
2, 3, 5, 7, 29
Let w(i) = 2*i + 66. Let o be w(-19). Let c be (-624)/(-21) - (-2)/7. Suppose -c*z = -o*z - 266. What are the prime factors of z?
7, 19
Let u(t) be the first derivative of -3*t**2/2 + 41*t - 5. Let w be u(13). Suppose -k = m - 98, -2*m - w*m - 5*k + 397 = 0. What are the prime factors of m?
3, 31
Let q be ((-18557)/(-28))/(-11)*12. Let h = 1154 + q. List the prime factors of h.
431
Let w = 53 + -48. Suppose -w*x = -10, 4*s - 2*x = -6*x + 8. Suppose -5*l + 0*l + 2*n + 509 = s, -2*n = -2*l + 200. What are the prime factors of l?
103
Let c = 10157 - -17601. List the prime factors of c.
2, 13879
Suppose 0 = -5*n + x + 78276, 0 = 37*n - 36*n - 5*x - 15636. List the prime factors of n.
2, 19, 103
Let q(m) = -25*m - 44. Suppose 5*c - 107 + 247 = 0. List the prime factors of q(c).
2, 41
Let a = 233 + -229. Suppose 3*y - 9 = 0, -4*y = 5*f - a*f - 180. List the prime factors of f.
2, 3, 7
Suppose -12*y = -32*y - 7*y + 1431756. What are the prime factors of y?
2, 3, 491
Let l(u) = -u**3 + 21*u**2 - 26*u - 16. Let p be l(11). Let j = -304 + p. What are the prime factors of j?
2, 151
Let o(c) = c - 10. Let d be o(8). Let f be (1049/5 + -4)/(d/(-10)). Suppose 2*z - 10 = 0, 388 = -3*k + 2*z + f. List the prime factors of k.
7, 31
Let y be (-3 - 2*-1) + 438. Let t be ((-5)/6)/(3/2*47/(-423)). Suppose -y = -t*n + 793. List the prime factors of n.
2, 3, 41
Suppose 424 = -s - 4*i, 3*s - 24*i = -20*i - 1320. Let o = s + 853. List the prime factors of o.
3, 139
Suppose -47 = -x - 90. Let c = -41 - x. What are the prime factors of c + ((-18)/(-8))/(9/24)?
2
Let s = 93 - 98. Let a be -3*(-2 + (-4 - s)). Suppose 489 + 106 = a*v + 2*c, -v = 2*c - 201. What are the prime factors of v?
197
List the prime factors of 6 - (19*-12)/(146/10585).
2, 3, 13, 53
Let w = -5163 + 8718. What are the prime factors of w?
3, 5, 79
Suppose -60*o - 101087 + 148536 = -267971. List the prime factors of o.
7, 751
Suppose 3*o - 12811 = -c, 0 = 3*c - 87*o + 86*o - 38373. List the prime factors of c.
11, 1163
Let g(r) = 17*r + 1. Let j be g(8). Suppose u + 135 = 4*a, 0 = a + 3*a + u - j. What are the prime factors of (a/(-4))/(4/(-16))?
2, 17
Suppose 79 = -2*r + r - 4*m, 2*r = -4*m - 154. Let z = 238 + r. List the prime factors of z.
163
Let n = -2519 - -9312. List the prime factors of n.
6793
Let h(s) = 3479*s**3 - 30*s**2 + 60*s - 10. What are the prime factors of h(2)?
2, 3, 4637
Suppose 54336 = 5*t + 2*j, -31384 = -4*t - 4*j + 12092. List the prime factors of t.
2, 3, 1811
Let g(h) = h**2 - 1. Let a be g(2). Let o be 386/12 + a + (-3)/18. Let i = 66 - o. List the prime factors of i.
31
Let p be -12*-3*(-4)/(-36). Suppose 0 = 7*x - 6*x - 3*h - 13, -x + p*h = -14. Let d(c) = 2*c**2 - 13*c + 25. What are the prime factors of d(x)?
5, 19
Suppose -6*i + 19*i + 52 = 0. List the prime factors of (1131/6)/(i/((-8)/1)).
13, 29
Let r = -35958 + 54594. What are the prime factors of r?
2, 3, 1553
Suppose 9 + 17 = 13*r. Let s(i) = -5*i**2 - 4*i + 4. Let y(t) = 21*t**2 + 16*t - 16. Let n(x) = -9*s(x) - 2*y(x). List the prime factors of n(r).
2
Suppose h - 137945 = -2*h - 4*g, -229850 = -5*h + 5*g. What are the prime factors of h?
3, 5, 613
Let q be (-8 + 2)/(6/(-9)). Suppose p - 2251 = -2*g, -q*g + 8*g = -3*p - 1115. List the prime factors of g.
2, 281
Let t(i) be the first derivative of i**3 - 17*i**2/2 - 39*i - 68. What are the prime factors of t(14)?
311
Suppose 30 + 6 = 3*x. Let i be -8 + x/(1 + 3). List the prime factors of (-1 - 0) + 24 + i.
2, 3
Suppose 4*p = -2*b + 24, -2*p - 24 = -6*p + 5*b. Suppose -p*f + 1413 = -2421. List the prime factors of f.
3, 71
Suppose -18*a = 7*a - 2450. Suppose 75*c + 13570 = a*c. What are the prime factors of c?
2, 5, 59
Let o(s) = -2*s**2 + 38*s + 2. Suppose -26 = -5*z + 69. Let p be o(z). Suppose p*x = 4*g + 120, -28 = -4*x + g + 240. List the prime factors of x.
2, 17
List the prime factors of 2 + 8009 - (10 + -14 + 4).
8011
Let g = 3927 - -14509. List the prime factors of g.
2, 11, 419
Suppose 4161900 = 6629*k - 6554*k. What are the prime factors of k?
2, 13873
Let s = 53 - 48. Suppose -261 = -s*y + 334. List the prime factors of y - (-3 - -1 - 0).
11
Suppose -2*d + 42163 + 39945 = -4*r, 5*d = -3*r + 205283. What are the prime factors of d?
2, 1283
Let t be 20/4 + 89 + -3 + 4. Suppose -92*q + t*q = 723. List the prime factors of q.
241
Suppose 6*h - 31 = -2*m + h, -4 = -3*m + h. Suppose x + k = -2*x - 263, 5*x + 441 = -m*k. Let q = 184 + x. What are the prime factors of q?
97
Suppose 0 = 22*g + 42252 - 44650 - 102872. List the prime factors of g.
3, 5, 11, 29
Let l = 17211 + 1209. What are the prime factors of l?
2, 3, 5, 307
Let c(w) = 892*w**3 + w**2 - 6*w + 5. Let n be c(1). Suppose -8*l + 1628 = -n. List the prime factors of l.
3, 5, 7
Let i = 353 + 484. Let b = i - 376. What are the prime factors of b?
461
Let p(g) = 2*g**2 + 1603*g - 1589*g + 6 + 24*g**2. List the prime factors of p(-4).
2, 3, 61
Suppose 9*h + 621 = -1917. List the prime factors of 2/2 + -1 + (6 - h).
2, 3
Let d = 13211 - 9431. Suppose 11*s - d = 4*s. Suppose -g = 4*g - s. What are the prime factors of g?
2, 3
Let g(l) = 13902*l - 38. List the prime factors of g(1).
2, 1733
What are the prime factors of 31947 + (-12 - 27/(-4 - 5))?
2, 3, 5323
Let l(o) = -2013*o - 703. List the prime factors of l(-7).
2, 3347
Let t be -4*((-75)/20 - -3). Let u(q) = 19*q**3 + 3*q**2 - 12*q - 4. What are the prime factors of u(t)?
2, 5
Let s(o) = 2 - 12*o + 4*o**2 - o**3 + 2 + 24*o. What are the prime factors of s(-5)?
13
Let o(v) = 2*v**2 + 4*v. Let y be o(-3). Suppose -y*b - 3 = -5*b. What are the prime factors of 27 - (-1 - (0 + b))?
5
Suppose 4*j - w - 10 = 4*w, -2*j + 3*w = -4. Suppose 31 = j*r - 4*x, 4*r + 4 = -4*x - 0. What are the prime factors of 29 - 0*(r + -4)?
29
Suppose v = 6*s - 54064, -v = -3*s + 5*s - 18024. What are the prime factors of s?
9011
What are the prime factors of (238/42)/17 - 49120/(-6)?
3, 2729
Suppose 5*z = -3 + 33, 0 = t + 3*z - 6952. List the prime factors of t.
2, 3467
Suppose 2*u + 267973 = 5*h, 0 = 4*h - 501*u + 506*u - 214418. List the prime factors of h.
53597
Suppose 3*v + 5*o = 16361, 2*v - 15*o = -14*o + 10903. List the prime factors of v.
2, 29, 47
Suppose 24*u = 7*u - 51. List the prime factors of ((-188)/(-12))/(u/(-126)).
2, 7, 47
Suppose 0 = -l - l + 26. Let n = 15 - l. Let g(c) = 10*c**3 + 2*c**2 - 2*c + 4. What are the prime factors of g(n)?
2, 11
Let f(k) = -3*k - 22. Let p be f(-8). Let v be p - -1*(0 - -4). Suppose -v*y + 268 = -2*y. List the prime factors of y.
67
Suppose -872759 - 153217 = -28*m + 7*m. List the prime factors of m.
2, 31, 197
Let u(w) = -92*w - 21. Let n be u(3). Let p = -293 - n. List the prime factors of p.
2
Suppose y + 5*k = 651 + 1216, -2*k = -5*y + 9281. Let a = -4908 - -4926. Suppose a*h - y = 1581. List the prime factors of h.
191
Suppose 0 = -13*u - 3*u - 64. Let p(j) = 57*j**2 - 15*j + 3. Let t be p(u). Suppose 5*q + i = 6*i + t, 2*i + 195 = q. What are the prime factors of q?
3, 5, 13
Let h(v) = 59*v**2 - 32*v + 5. What are the prime factors of h(7)?
2, 167
Suppose -c + 5*c + 2*d = 3518, -4*d + 3512 = 4*c. Let g = c + -596. Suppose 0 = 3*b - 15, 0 = 5*i + b + b - g. What are the prime factors of i?
5, 11
Let j be (24*132/(-18))/(-2). List the prime factors of (-16608)/(-11) + (0 - (-16)/j).
2, 5, 151
Let g = 4083 - 708. List the prime factors of g.
3, 5
What are the prime factors of (-2471546)/(-66) + ((-4)/(-8))/(9/6)?
2, 31, 151
Let s = 9073 + -